
0
What is the hundreds digit of 287581?
5
What is the hundreds digit of 227214?
2
What is the ten thousands digit of 1132706?
3
What is the ten thousands digit of 3850224?
5
What is the tens digit of 285294?
9
What is the ten thousands digit of 96068?
9
What is the hundreds digit of 107855?
8
What is the thousands digit of 2323151?
3
What is the hundred thousands digit of 433004?
4
What is the hundreds digit of 1798099?
0
What is the hundreds digit of 1506952?
9
What is the hundreds digit of 209551?
5
What is the millions digit of 2275961?
2
What is the thousands digit of 36502?
6
What is the hundred thousands digit of 4790277?
7
What is the hundred thousands digit of 7877177?
8
What is the units digit of 581870?
0
What is the hundreds digit of 356046?
0
What is the thousands digit of 550475?
0
What is the tens digit of 820345?
4
What is the hundred thousands digit of 262554?
2
What is the hundreds digit of 196902?
9
What is the units digit of 11340880?
0
What is the tens digit of 2143511?
1
What is the ten thousands digit of 216423?
1
What is the units digit of 5727319?
9
What is the tens digit of 332766?
6
What is the hundred thousands digit of 573406?
5
What is the hundred thousands digit of 573346?
5
What is the hundred thousands digit of 153572?
1
What is the thousands digit of 4652708?
2
What is the hundred thousands digit of 193026?
1
What is the tens digit of 2857359?
5
What is the thousands digit of 2671788?
1
What is the thousands digit of 4867746?
7
What is the hundreds digit of 428457?
4
What is the thousands digit of 1598113?
8
What is the thousands digit of 3330332?
0
What is the tens digit of 317093?
9
What is the millions digit of 31349986?
1
What is the ten thousands digit of 5633989?
3
What is the hundred thousands digit of 227906?
2
What is the thousands digit of 219309?
9
What is the tens digit of 1704013?
1
What is the thousands digit of 579850?
9
What is the millions digit of 8340127?
8
What is the hundred thousands digit of 629621?
6
What is the thousands digit of 10040481?
0
What is the ten thousands digit of 11991109?
9
What is the ten thousands digit of 414390?
1
What is the hundreds digit of 11308819?
8
What is the ten thousands digit of 4116142?
1
What is the millions digit of 1307531?
1
What is the hundreds digit of 398249?
2
What is the hundred thousands digit of 6991800?
9
What is the hundreds digit of 2579939?
9
What is the hundreds digit of 966616?
6
What is the units digit of 211943?
3
What is the tens digit of 175117?
1
What is the hundreds digit of 242220?
2
What is the tens digit of 382369?
6
What is the ten thousands digit of 15406291?
0
What is the thousands digit of 908925?
8
What is the hundreds digit of 533073?
0
What is the tens digit of 148254?
5
What is the thousands digit of 406779?
6
What is the millions digit of 5425964?
5
What is the ten millions digit of 36391495?
3
What is the thousands digit of 106393?
6
What is the units digit of 2321822?
2
What is the hundreds digit of 623177?
1
What is the thousands digit of 780923?
0
What is the ten millions digit of 18398325?
1
What is the thousands digit of 3294851?
4
What is the ten thousands digit of 4618597?
1
What is the tens digit of 325548?
4
What is the tens digit of 5695946?
4
What is the tens digit of 46858?
5
What is the hundred thousands digit of 561972?
5
What is the ten millions digit of 17756125?
1
What is the thousands digit of 141496?
1
What is the ten thousands digit of 76174?
7
What is the units digit of 89607?
7
What is the hundred thousands digit of 123589?
1
What is the hundreds digit of 88925?
9
What is the tens digit of 137727?
2
What is the ten thousands digit of 1858787?
5
What is the hundred thousands digit of 593481?
5
What is the tens digit of 21507972?
7
What is the units digit of 35078816?
6
What is the thousands digit of 9552471?
2
What is the thousands digit of 19965907?
5
What is the ten thousands digit of 4950444?
5
What is the thousands digit of 278997?
8
What is the thousands digit of 85665?
5
What is the hundred thousands digit of 808659?
8
What is the hundred thousands digit of 1338414?
3
What is the units digit of 170964?
4
What is the hundreds digit of 15686327?
3
What is the units digit of 16724599?
9
What is the units digit of 466528?
8
What is the hundred thousands digit of 255071?
2
What is the millions digit of 4632359?
4
What is the ten thousands digit of 1356427?
5
What is the millions digit of 1143719?
1
What is the units digit of 172078?
8
What is the hundred thousands digit of 1335668?
3
What is the units digit of 99391?
1
What is the thousands digit of 1358364?
8
What is the thousands digit of 91556?
1
What is the thousands digit of 837580?
7
What is the units digit of 1797161?
1
What is the units digit of 457108?
8
What is the units digit of 2028838?
8
What is the hundreds digit of 82813?
8
What is the millions digit of 4948171?
4
What is the ten thousands digit of 7364288?
6
What is the ten thousands digit of 165973?
6
What is the units digit of 3724553?
3
What is the thousands digit of 146982?
6
What is the millions digit of 2335304?
2
What is the thousands digit of 378603?
8
What is the hundred thousands digit of 178775?
1
What is the units digit of 142018?
8
What is the hundred thousands digit of 10155748?
1
What is the tens digit of 253114?
1
What is the hundreds digit of 2600485?
4
What is the units digit of 781590?
0
What is the tens digit of 457343?
4
What is the ten thousands digit of 487217?
8
What is the thousands digit of 1869432?
9
What is the thousands digit of 2174443?
4
What is the hundreds digit of 42181?
1
What is the tens digit of 675146?
4
What is the hundreds digit of 2361560?
5
What is the thousands digit of 1824421?
4
What is the units digit of 231492?
2
What is the tens digit of 30489?
8
What is the hundred thousands digit of 427378?
4
What is the hundred thousands digit of 4729818?
7
What is the hundred thousands digit of 5680933?
6
What is the ten thousands digit of 181296?
8
What is the thousands digit of 502564?
2
What is the hundred thousands digit of 1541826?
5
What is the hundred thousands digit of 1000391?
0
What is the thousands digit of 136326?
6
What is the ten thousands digit of 272023?
7
What is the ten thousands digit of 27493902?
9
What is the ten thousands digit of 254300?
5
What is the thousands digit of 601686?
1
What is the tens digit of 16809406?
0
What is the thousands digit of 138848?
8
What is the hundreds digit of 444587?
5
What is the units digit of 561964?
4
What is the thousands digit of 10122974?
2
What is the tens digit of 74826?
2
What is the thousands digit of 5497152?
7
What is the tens digit of 690567?
6
What is the hundred thousands digit of 665972?
6
What is the units digit of 4917151?
1
What is the millions digit of 3216832?
3
What is the units digit of 161987?
7
What is the ten thousands digit of 960719?
6
What is the thousands digit of 1084042?
4
What is the thousands digit of 18221359?
1
What is the units digit of 106205?
5
What is the ten thousands digit of 646619?
4
What is the tens digit of 56192?
9
What is the tens digit of 4331727?
2
What is the hundred thousands digit of 101177?
1
What is the ten thousands digit of 416123?
1
What is the thousands digit of 2871295?
1
What is the tens digit of 95107?
0
What is the thousands digit of 165583?
5
What is the hundred thousands digit of 4858496?
8
What is the thousands digit of 619914?
9
What is the ten thousands digit of 180356?
8
What is the millions digit of 2430238?
2
What is the thousands digit of 12843110?
3
What is the hundreds digit of 1335903?
9
What is the hundred thousands digit of 1367930?
3
What is the tens digit of 5864931?
3
What is the tens digit of 813999?
9
What is the thousands digit of 5242456?
2
What is the thousands digit of 796697?
6
What is the tens digit of 1638787?
8
What is the millions digit of 1370225?
1
What is the thousands digit of 120649?
0
What is the units digit of 102181?
1
What is the units digit of 2965576?
6
What is the tens digit of 1639409?
0
What is the millions digit of 1255246?
1
What is the ten thousands digit of 2158657?
5
What is the hundreds digit of 9365894?
8
What is the tens digit of 724820?
2
What is the millions digit of 2308827?
2
Wh